s of 2225809.
37, 43, 1399
List the prime factors of 1330050.
2, 3, 5, 8867
What are the prime factors of 676226?
2, 17, 19889
List the prime factors of 2056727.
2056727
List the prime factors of 737363.
11, 67033
List the prime factors of 2600469.
3, 113, 2557
What are the prime factors of 264328?
2, 19, 37, 47
What are the prime factors of 1221186?
2, 3, 203531
What are the prime factors of 11383931?
13, 17, 51511
List the prime factors of 16693022.
2, 977, 8543
List the prime factors of 12156084.
2, 3, 337669
What are the prime factors of 5001330?
2, 3, 5, 43, 3877
List the prime factors of 2939652.
2, 3, 43, 211
What are the prime factors of 126586?
2, 167, 379
List the prime factors of 57406.
2, 28703
What are the prime factors of 2882472?
2, 3, 120103
List the prime factors of 185834.
2, 11, 8447
What are the prime factors of 252240?
2, 3, 5, 1051
What are the prime factors of 23072259?
3, 7, 199, 5521
What are the prime factors of 28825?
5, 1153
What are the prime factors of 8288937?
3, 503, 1831
What are the prime factors of 24873?
3, 8291
What are the prime factors of 776629?
7, 110947
List the prime factors of 835120.
2, 5, 11, 13, 73
What are the prime factors of 31014675?
3, 5, 307, 449
List the prime factors of 3713756.
2, 107, 8677
List the prime factors of 8499194.
2, 11, 19, 20333
List the prime factors of 139991.
139991
What are the prime factors of 256474?
2, 128237
What are the prime factors of 3449001?
3, 47, 61, 401
What are the prime factors of 17281365?
3, 5, 1152091
What are the prime factors of 1173204?
2, 3, 17, 71
What are the prime factors of 705381?
3, 17, 13831
What are the prime factors of 7045665?
3, 5, 11, 42701
What are the prime factors of 222793?
222793
List the prime factors of 3185806.
2, 13, 19, 6449
What are the prime factors of 2755695?
3, 5, 183713
What are the prime factors of 1755683?
101, 17383
List the prime factors of 806533.
7, 13, 8863
What are the prime factors of 4059204?
2, 3, 338267
What are the prime factors of 42047?
19, 2213
List the prime factors of 10245347.
7, 1463621
What are the prime factors of 17819565?
3, 5, 263, 4517
List the prime factors of 1489391.
19, 43, 1823
What are the prime factors of 512467?
512467
List the prime factors of 551248.
2, 131, 263
What are the prime factors of 118620?
2, 3, 5, 659
List the prime factors of 2118006.
2, 3, 11, 19, 563
List the prime factors of 16093145.
5, 3218629
List the prime factors of 10185006.
2, 3, 13, 17, 7681
List the prime factors of 11561472.
2, 3, 13, 193
What are the prime factors of 4553623?
4553623
List the prime factors of 467339.
59, 89
What are the prime factors of 14567591?
14567591
What are the prime factors of 1821868?
2, 563, 809
What are the prime factors of 26171?
26171
List the prime factors of 7215373.
11, 655943
List the prime factors of 2775920.
2, 5, 7, 4957
What are the prime factors of 3632068?
2, 11, 23, 37, 97
What are the prime factors of 1205129?
67, 17987
List the prime factors of 222140.
2, 5, 29, 383
List the prime factors of 1270688.
2, 39709
What are the prime factors of 217704?
2, 3, 47, 193
What are the prime factors of 10753938?
2, 3, 13, 15319
What are the prime factors of 612354?
2, 3, 102059
List the prime factors of 1446795.
3, 5, 7, 1531
What are the prime factors of 1197142?
2, 598571
List the prime factors of 2630506.
2, 1315253
List the prime factors of 18071965.
5, 1019, 3547
List the prime factors of 1880496.
2, 3, 1451
What are the prime factors of 1280623?
1280623
List the prime factors of 12559039.
17, 53, 263
List the prime factors of 42756.
2, 3, 7, 509
What are the prime factors of 768802?
2, 269, 1429
List the prime factors of 7907321.
233, 33937
What are the prime factors of 10733878?
2, 53, 131, 773
List the prime factors of 43626.
2, 3, 11, 661
What are the prime factors of 1723501?
13, 233, 569
List the prime factors of 1153102.
2, 576551
List the prime factors of 5009209.
227, 22067
List the prime factors of 1072132.
2, 19, 14107
What are the prime factors of 984138?
2, 3, 164023
What are the prime factors of 4942359?
3, 17, 32303
List the prime factors of 1168510.
2, 5, 7, 16693
What are the prime factors of 14047219?
17, 47, 17581
List the prime factors of 1129413.
3, 376471
List the prime factors of 2018653.
7, 13, 3169
List the prime factors of 117033.
3, 7, 5573
What are the prime factors of 2664664?
2, 397, 839
What are the prime factors of 338130?
2, 3, 5, 13, 17
List the prime factors of 15603708.
2, 3, 1300309
List the prime factors of 566975.
5, 22679
What are the prime factors of 872170?
2, 5, 13, 6709
What are the prime factors of 19827?
3, 2203
List the prime factors of 2412346.
2, 1206173
List the prime factors of 6918646.
2, 7, 29, 17041
List the prime factors of 2533495.
5, 506699
List the prime factors of 130496.
2, 2039
What are the prime factors of 93800?
2, 5, 7, 67
List the prime factors of 6368398.
2, 199, 16001
List the prime factors of 19512366.
2, 3, 3252061
List the prime factors of 1389895.
5, 13, 21383
List the prime factors of 272995.
5, 71, 769
What are the prime factors of 2239930?
2, 5, 7, 11, 2909
List the prime factors of 2295567.
3, 85021
What are the prime factors of 650397?
3, 11, 19709
What are the prime factors of 8997361?
1483, 6067
List the prime factors of 2628345.
3, 5, 137, 1279
List the prime factors of 1315397.
1315397
List the prime factors of 193573.
193573
What are the prime factors of 4398743?
4398743
List the prime factors of 125897.
125897
What are the prime factors of 494623?
601, 823
List the prime factors of 8236.
2, 29, 71
List the prime factors of 35691.
3, 11897
What are the prime factors of 41623?
107, 389
What are the prime factors of 2039150?
2, 5, 17, 2399
List the prime factors of 1092709.
17, 19, 199
List the prime factors of 19386898.
2, 61, 158909
List the prime factors of 507620.
2, 5, 17, 1493
List the prime factors of 1167274.
2, 31, 67, 281
List the prime factors of 6550173.
3, 7, 4951
List the prime factors of 8367784.
2, 383, 2731
What are the prime factors of 152820?
2, 3, 5, 283
What are the prime factors of 397870?
2, 5, 11, 3617
What are the prime factors of 11611093?
13, 893161
List the prime factors of 625285.
5, 79, 1583
List the prime factors of 205877.
7, 29411
What are the prime factors of 623727?
3, 13, 1777
List the prime factors of 14084730.
2, 3, 5, 11, 41, 347
List the prime factors of 7199303.
293, 24571
What are the prime factors of 3009611?
11, 273601
List the prime factors of 131558.
2, 7, 9397
List the prime factors of 454467.
3, 13, 43, 271
What are the prime factors of 9742183?
11, 359, 2467
List the prime factors of 1049592.
2, 3, 101, 433
List the prime factors of 529138.
2, 23, 11503
List the prime factors of 77515.
5, 37, 419
List the prime factors of 9117902.
2, 179, 25469
List the prime factors of 1518458.
2, 759229
What are the prime factors of 2624840?
2, 5, 211, 311
List the prime factors of 1582464.
2, 3, 13, 317
What are the prime factors of 218859?
3, 72953
List the prime factors of 4779246.
2, 3, 796541
What are the prime factors of 91274?
2, 47, 971
What are the prime factors of 247366?
2, 7, 17669
What are the prime factors of 14327860?
2, 5, 41, 101, 173
List the prime factors of 7951868.
2, 41, 48487
What are the prime factors of 790197?
3, 263399
What are the prime factors of 593630?
2, 5, 23, 29, 89
List the prime factors of 867960.
2, 3, 5, 2411
What are the prime factors of 10599463?
7, 1514209
List the prime factors of 101659.
277, 367
List the prime factors of 591382.
2, 11, 26881
What are the prime factors of 1265968?
2, 11, 7193
What are the prime factors of 65632?
2, 7, 293
What are the prime factors of 10119379?
23, 439973
List the prime factors of 896437.
541, 1657
What are the prime factors of 1032554?
2, 516277
List the prime factors of 35043858.
2, 3, 23, 47, 1801
What are the prime factors of 807589?
443, 1823
What are the prime factors of 375756?
2, 3, 173, 181
What are the prime factors of 769197?
3, 11, 13, 163
What are the prime factors of 4424032?
2, 138251
List the prime factors of 48211.
37, 1303
What are the prime factors of 942126?
2, 3, 23, 6827
What are the prime factors of 312007?
312007
List the prime factors of 28964148.
2, 3, 2413679
L